{"id":250,"date":"2019-12-14T12:44:09","date_gmt":"2019-12-14T11:44:09","guid":{"rendered":"http:\/\/institut-secours.fr\/?page_id=250"},"modified":"2026-04-18T16:42:58","modified_gmt":"2026-04-18T14:42:58","slug":"minscrire-au-psc1","status":"publish","type":"page","link":"https:\/\/institut-secours.fr\/","title":{"rendered":"Prochaine session de formation :  Premiers Secours Citoyen, le 09 Mai 2026 !"},"content":{"rendered":"\n<p> <\/p>\n\n\n\n<p>Cette formation de 7 heures permet au citoyen d\u2019acqu\u00e9rir les capacit\u00e9s n\u00e9cessaires pour porter assistance \u00e0 une personne en situation apparente de p\u00e9ril grave et imminent en r\u00e9alisant des gestes salvateurs.<\/p>\n\n\n\n<p>Pour participer \u00e0 une session de formation PSC :<\/p>\n\n\n\n<ol>\n<li>T\u00e9l\u00e9chargez la fiche d&rsquo;inscription ci dessous :  <\/li>\n<\/ol>\n\n\n\n<div class=\"is-content-justification-center is-layout-flex wp-container-1 wp-block-buttons\">\n<div class=\"wp-block-button has-custom-font-size is-style-fill has-medium-font-size\"><a class=\"wp-block-button__link wp-element-button\" href=\"http:\/\/institut-secours.fr\/wp-content\/uploads\/2023\/10\/2023_ENR002-05_Formulaire-dinscription-aux-formations-Premiers-Secours_Version2.pdf\" style=\"border-radius:60px\" target=\"_blank\" rel=\"noreferrer noopener\">Fiche d&rsquo;inscription PSC<\/a><\/div>\n<\/div>\n\n\n\n<p class=\"has-text-align-left\">2.  Retournez l\u00e0 nous compl\u00e9t\u00e9e accompagn\u00e9e de votre r\u00e8glement par courrier postal ! <\/p>\n\n\n\n<p>Les dates disponibles de PSC vous seront alors communiqu\u00e9es pour que vous puissiez planifier votre entr\u00e9e en formation. Votre r\u00e8glement est encaiss\u00e9 qu&rsquo;une fois la formation r\u00e9alis\u00e9e.<\/p>\n\n\n\n<div class=\"is-layout-flex wp-block-buttons\"><\/div>\n\n\n<div class=\"wp-block-image\">\n<figure class=\"aligncenter size-large is-resized\"><a href=\"https:\/\/fnmns.com\/\"><img decoding=\"async\" loading=\"lazy\" src=\"http:\/\/institut-secours.fr\/wp-content\/uploads\/2021\/03\/Logo-CDF-FNMNS-1024x335.jpg\" alt=\"\" class=\"wp-image-451\" width=\"227\" height=\"73\" srcset=\"https:\/\/institut-secours.fr\/wp-content\/uploads\/2021\/03\/Logo-CDF-FNMNS-1024x335.jpg 1024w, https:\/\/institut-secours.fr\/wp-content\/uploads\/2021\/03\/Logo-CDF-FNMNS-300x98.jpg 300w, https:\/\/institut-secours.fr\/wp-content\/uploads\/2021\/03\/Logo-CDF-FNMNS-768x252.jpg 768w, https:\/\/institut-secours.fr\/wp-content\/uploads\/2021\/03\/Logo-CDF-FNMNS-1536x503.jpg 1536w, https:\/\/institut-secours.fr\/wp-content\/uploads\/2021\/03\/Logo-CDF-FNMNS.jpg 1710w\" sizes=\"(max-width: 227px) 100vw, 227px\" \/><\/a><\/figure><\/div>\n\n\n<p class=\"has-text-align-center\"><strong>Nos chiffres cl\u00e9s<\/strong><\/p>\n\n\n\n<figure class=\"wp-block-table\"><table><tbody><tr><td>Taux de satisfaction* :&nbsp;<strong>98,5 %<\/strong><br><sub><em>* sur cette ann\u00e9e 202<\/em><\/sub>5<\/td><td>Taux d\u2019admis* :&nbsp;<strong>98%<\/strong>&nbsp;<\/td><td>Taux d\u2019insertion \u00e0 6 mois* : <strong>90%<\/strong>&nbsp;<\/td><td>Taux d\u2019insertion \u00e0 2 ans** : <strong>97,8%<\/strong>\u00a0<br><sub><em>** \u00e0 date sur cette ann\u00e9e 2026<\/em><\/sub><\/td><\/tr><\/tbody><\/table><\/figure>\n\n\n\n<p class=\"has-text-align-center\"> <\/p>\n\n\n\n<p class=\"has-text-align-center has-white-color has-blue-gray-background-color has-text-color has-background has-medium-font-size\"><strong><em><mark style=\"background-color:rgba(0, 0, 0, 0)\" class=\"has-inline-color has-white-color\"><mark>Taux d&rsquo;obtention \u00e9gal \u00e0 PSC  de 97 %<\/mark> <\/mark><\/em><\/strong><\/p>\n\n\n<div class=\"wp-block-image\">\n<figure class=\"aligncenter size-large is-resized\"><a href=\"http:\/\/institut-secours.fr\/wp-content\/uploads\/2023\/10\/Certificat-01933-QUALIOPI.pdf\" target=\"_blank\" rel=\"noreferrer noopener\"><img decoding=\"async\" loading=\"lazy\" src=\"http:\/\/institut-secours.fr\/wp-content\/uploads\/2022\/04\/LogoQualiopi-300dpi-Avec-Marianne-edited.png\" alt=\"\" class=\"wp-image-572\" width=\"281\" height=\"150\" srcset=\"https:\/\/institut-secours.fr\/wp-content\/uploads\/2022\/04\/LogoQualiopi-300dpi-Avec-Marianne-edited.png 631w, https:\/\/institut-secours.fr\/wp-content\/uploads\/2022\/04\/LogoQualiopi-300dpi-Avec-Marianne-edited-300x161.png 300w\" sizes=\"(max-width: 281px) 100vw, 281px\" \/><\/a><figcaption class=\"wp-element-caption\">Actions certifi\u00e9es : Actions de formation<\/figcaption><\/figure><\/div>\n\n\n<p class=\"has-text-align-center\"><\/p>\n\n\n\n<div class=\"is-layout-flex wp-block-buttons\">\n<div class=\"wp-block-button aligncenter\"><a class=\"wp-block-button__link wp-element-button\" href=\"https:\/\/forms.office.com\/e\/1A31vM1wR3\" target=\"_blank\" rel=\"noreferrer noopener\">Evaluer ma formation en ligne<\/a><\/div>\n<\/div>\n","protected":false},"excerpt":{"rendered":"<p>Cette formation de 7 heures permet au citoyen d\u2019acqu\u00e9rir les capacit\u00e9s n\u00e9cessaires pour porter assistance \u00e0 une personne en situation apparente de p\u00e9ril grave et imminent en r\u00e9alisant des gestes salvateurs. Pour participer \u00e0 une session de formation PSC : 2. Retournez l\u00e0 nous compl\u00e9t\u00e9e accompagn\u00e9e de votre r\u00e8glement par courrier postal ! Les dates &hellip; <a href=\"https:\/\/institut-secours.fr\/\" class=\"more-link\">Continuer la lecture de <span class=\"screen-reader-text\">Prochaine session de formation :  Premiers Secours Citoyen, le 09 Mai 2026 !<\/span><\/a><\/p>\n","protected":false},"author":1,"featured_media":685,"parent":0,"menu_order":0,"comment_status":"closed","ping_status":"closed","template":"","meta":[],"_links":{"self":[{"href":"https:\/\/institut-secours.fr\/index.php\/wp-json\/wp\/v2\/pages\/250"}],"collection":[{"href":"https:\/\/institut-secours.fr\/index.php\/wp-json\/wp\/v2\/pages"}],"about":[{"href":"https:\/\/institut-secours.fr\/index.php\/wp-json\/wp\/v2\/types\/page"}],"author":[{"embeddable":true,"href":"https:\/\/institut-secours.fr\/index.php\/wp-json\/wp\/v2\/users\/1"}],"replies":[{"embeddable":true,"href":"https:\/\/institut-secours.fr\/index.php\/wp-json\/wp\/v2\/comments?post=250"}],"version-history":[{"count":158,"href":"https:\/\/institut-secours.fr\/index.php\/wp-json\/wp\/v2\/pages\/250\/revisions"}],"predecessor-version":[{"id":984,"href":"https:\/\/institut-secours.fr\/index.php\/wp-json\/wp\/v2\/pages\/250\/revisions\/984"}],"wp:featuredmedia":[{"embeddable":true,"href":"https:\/\/institut-secours.fr\/index.php\/wp-json\/wp\/v2\/media\/685"}],"wp:attachment":[{"href":"https:\/\/institut-secours.fr\/index.php\/wp-json\/wp\/v2\/media?parent=250"}],"curies":[{"name":"wp","href":"https:\/\/api.w.org\/{rel}","templated":true}]}}